{"id":394,"date":"2018-11-12T22:12:07","date_gmt":"2018-11-12T22:12:07","guid":{"rendered":"http:\/\/www.apisdurii.com\/?page_id=394"},"modified":"2018-11-12T22:36:00","modified_gmt":"2018-11-12T22:36:00","slug":"prensa","status":"publish","type":"page","link":"https:\/\/www.apisdurii.com\/index.php\/prensa\/","title":{"rendered":"Prensa"},"content":{"rendered":"<p>[vc_row el_id=\u00bbPrensa\u00bb][vc_column]<div id=\"ultimate-heading-678669e1618e13abe\" class=\"uvc-heading ult-adjust-bottom-margin ultimate-heading-678669e1618e13abe uvc-9766 \" data-hspacer=\"line_only\"  data-halign=\"center\" style=\"text-align:center\"><div class=\"uvc-main-heading ult-responsive\"  data-ultimate-target='.uvc-heading.ultimate-heading-678669e1618e13abe h2'  data-responsive-json-new='{\"font-size\":\"\",\"line-height\":\"\"}' ><h2 style=\"font-weight:normal;margin-top:25px;margin-bottom:25px;\">Notas de Prensa, Radio y Video asociaci\u00f3n de apicultores Apis Durii<\/h2><\/div><div class=\"uvc-heading-spacer line_only\" style=\"margin-top:10px;margin-bottom:10px;height:3px;\"><span class=\"uvc-headings-line\" style=\"border-style:solid;border-bottom-width:3px;border-color:#eadc10;width:autopx;\"><\/span><\/div><div class=\"uvc-sub-heading ult-responsive\"  data-ultimate-target='.uvc-heading.ultimate-heading-678669e1618e13abe .uvc-sub-heading '  data-responsive-json-new='{\"font-size\":\"\",\"line-height\":\"\"}'  style=\"font-weight:normal;margin-top:25px;margin-bottom:25px;\">A continuaci\u00f3n os ofrecemos las notas de prensa, las entrevistas radiof\u00f3nicas y los videos relacionados con nuestra asociaci\u00f3n de apicultores Apis Durii.<\/div><\/div>[\/vc_column][vc_column width=\u00bb1\/3&#8243; css=\u00bb.vc_custom_1542061399030{margin-bottom: 50px !important;}\u00bb]<div id=\"ultimate-heading-228469e1618e13af3\" class=\"uvc-heading ult-adjust-bottom-margin ultimate-heading-228469e1618e13af3 uvc-1686 \" data-hspacer=\"line_only\"  data-halign=\"center\" style=\"text-align:center\"><div class=\"uvc-main-heading ult-responsive\"  data-ultimate-target='.uvc-heading.ultimate-heading-228469e1618e13af3 h2'  data-responsive-json-new='{\"font-size\":\"\",\"line-height\":\"\"}' ><h2 style=\"font-weight:normal;\">Prensa<\/h2><\/div><div class=\"uvc-heading-spacer line_only\" style=\"topheight:1px;\"><span class=\"uvc-headings-line\" style=\"border-style:solid;border-bottom-width:1px;border-color:#dd9933;width:250px;\"><\/span><\/div><\/div>[\/vc_column][vc_column css=\u00bb.vc_custom_1542061907365{margin-bottom: 50px !important;}\u00bb][vc_column_text]<\/p>\n<ul>\n<li><a href=\"https:\/\/www.agronewscastillayleon.com\/nace-una-nueva-asociacion-de-apicultores-en-zamora-apis-durii-con-50-de-socios\">https:\/\/www.agronewscastillayleon.com\/nace-una-nueva-asociacion-de-apicultores-en-zamora-apis-durii-con-50-de-socios<\/a><\/li>\n<li><a href=\"https:\/\/amp.laopiniondezamora.es\/comarcas\/2017\/11\/14\/apicultura-ahora-primera-ganaderias-instalan\/1044452.html\">https:\/\/amp.laopiniondezamora.es\/comarcas\/2017\/11\/14\/apicultura-ahora-primera-ganaderias-instalan\/1044452.html<\/a><\/li>\n<li><a href=\"https:\/\/www.laopiniondezamora.es\/agroalimentacion\/2018\/01\/29\/zamora-reune-condiciones-producir-miel\/1060377.html\">https:\/\/www.laopiniondezamora.es\/agroalimentacion\/2018\/01\/29\/zamora-reune-condiciones-producir-miel\/1060377.html<\/a><\/li>\n<li><a href=\"https:\/\/www.laopiniondezamora.es\/agroalimentacion\/2018\/01\/28\/diputacion-editara-catalogo-flora-interes\/1060226.html\">https:\/\/www.laopiniondezamora.es\/agroalimentacion\/2018\/01\/28\/diputacion-editara-catalogo-flora-interes\/1060226.html<\/a><\/li>\n<li><a href=\"https:\/\/www.laopiniondezamora.es\/comarcas\/2018\/02\/15\/federacion-apicultores-facilitara-marca-garantia\/1064315.html\">https:\/\/www.laopiniondezamora.es\/comarcas\/2018\/02\/15\/federacion-apicultores-facilitara-marca-garantia\/1064315.html<\/a><\/li>\n<li><a href=\"https:\/\/www.noticiascyl.com\/zamora\/campo-zamora\/2018\/05\/24\/nace-la-federacion-de-apicultores-para-promocionar-la-miel-zamorana\/\">https:\/\/www.noticiascyl.com\/zamora\/campo-zamora\/2018\/05\/24\/nace-la-federacion-de-apicultores-para-promocionar-la-miel-zamorana\/<\/a><\/li>\n<li><a href=\"https:\/\/www.laopiniondezamora.es\/comarcas\/2018\/11\/12\/experto-avispa-asiatica-aconseja-medidas\/1123419.html\">https:\/\/www.laopiniondezamora.es\/comarcas\/2018\/11\/12\/experto-avispa-asiatica-aconseja-medidas\/1123419.html<\/a><\/li>\n<li><a href=\"https:\/\/www.laopiniondezamora.es\/comarcas\/2018\/09\/26\/apicultores-exigen-junta-medidas-urgentes\/1112493.html\">https:\/\/www.laopiniondezamora.es\/comarcas\/2018\/09\/26\/apicultores-exigen-junta-medidas-urgentes\/1112493.html<\/a><\/li>\n<li><a href=\"https:\/\/www.laopiniondezamora.es\/comarcas\/2018\/06\/13\/federacion-denuncia-flagrante-violacion-ley\/1090345.html\">https:\/\/www.laopiniondezamora.es\/comarcas\/2018\/06\/13\/federacion-denuncia-flagrante-violacion-ley\/1090345.html<\/a><\/li>\n<li><a href=\"https:\/\/www.laopiniondezamora.es\/comarcas\/2018\/09\/28\/apicultores-piden-junta-erradique-nidos\/1112999.html\">https:\/\/www.laopiniondezamora.es\/comarcas\/2018\/09\/28\/apicultores-piden-junta-erradique-nidos\/1112999.html<\/a><\/li>\n<li><a href=\"https:\/\/zamoranews.com\/provincia-zamora\/item\/38351-fin-de-curso-de-iniciacion-a-la-empresa-apicola-en-las-salas-polivalentes-del-teatro-ramos-carrion\">https:\/\/zamoranews.com\/provincia-zamora\/item\/38351-fin-de-curso-de-iniciacion-a-la-empresa-apicola-en-las-salas-polivalentes-del-teatro-ramos-carrion<\/a><\/li>\n<li><a href=\"https:\/\/www.laopiniondezamora.es\/comarcas\/2018\/03\/09\/apicultores-federan-lograr-marca-calidad\/1069300.html\">https:\/\/www.laopiniondezamora.es\/comarcas\/2018\/03\/09\/apicultores-federan-lograr-marca-calidad\/1069300.html<\/a><\/li>\n<\/ul>\n<p>[\/vc_column_text][\/vc_column][vc_column width=\u00bb1\/3&#8243; css=\u00bb.vc_custom_1542061409229{margin-bottom: 50px !important;}\u00bb]<div id=\"ultimate-heading-374969e1618e13b0f\" class=\"uvc-heading ult-adjust-bottom-margin ultimate-heading-374969e1618e13b0f uvc-3495 \" data-hspacer=\"line_only\"  data-halign=\"center\" style=\"text-align:center\"><div class=\"uvc-main-heading ult-responsive\"  data-ultimate-target='.uvc-heading.ultimate-heading-374969e1618e13b0f h2'  data-responsive-json-new='{\"font-size\":\"\",\"line-height\":\"\"}' ><h2 style=\"font-weight:normal;\">Radio<\/h2><\/div><div class=\"uvc-heading-spacer line_only\" style=\"topheight:1px;\"><span class=\"uvc-headings-line\" style=\"border-style:solid;border-bottom-width:1px;border-color:#dd9933;width:250px;\"><\/span><\/div><\/div>[\/vc_column][vc_column css=\u00bb.vc_custom_1542061915709{margin-bottom: 50px !important;}\u00bb][\/vc_column][vc_column width=\u00bb1\/3&#8243; css=\u00bb.vc_custom_1542061416301{margin-bottom: 50px !important;}\u00bb]<div id=\"ultimate-heading-874069e1618e13b2c\" class=\"uvc-heading ult-adjust-bottom-margin ultimate-heading-874069e1618e13b2c uvc-4146 \" data-hspacer=\"line_only\"  data-halign=\"center\" style=\"text-align:center\"><div class=\"uvc-main-heading ult-responsive\"  data-ultimate-target='.uvc-heading.ultimate-heading-874069e1618e13b2c h2'  data-responsive-json-new='{\"font-size\":\"\",\"line-height\":\"\"}' ><h2 style=\"font-weight:normal;\">Video<\/h2><\/div><div class=\"uvc-heading-spacer line_only\" style=\"topheight:1px;\"><span class=\"uvc-headings-line\" style=\"border-style:solid;border-bottom-width:1px;border-color:#dd9933;width:250px;\"><\/span><\/div><\/div>[\/vc_column][vc_column css=\u00bb.vc_custom_1542061926789{margin-bottom: 50px !important;}\u00bb][\/vc_column][\/vc_row]<\/p>\n","protected":false},"excerpt":{"rendered":"<p>[vc_row el_id=\u00bbPrensa\u00bb][vc_column][\/vc_column][vc_column width=\u00bb1\/3&#8243; css=\u00bb.vc_custom_1542061399030{margin-bottom: 50px !important;}\u00bb][\/vc_column][vc_column css=\u00bb.vc_custom_1542061907365{margin-bottom: 50px !important;}\u00bb][vc_column_text] https:\/\/www.agronewscastillayleon.com\/nace-una-nueva-asociacion-de-apicultores-en-zamora-apis-durii-con-50-de-socios https:\/\/amp.laopiniondezamora.es\/comarcas\/2017\/11\/14\/apicultura-ahora-primera-ganaderias-instalan\/1044452.html https:\/\/www.laopiniondezamora.es\/agroalimentacion\/2018\/01\/29\/zamora-reune-condiciones-producir-miel\/1060377.html https:\/\/www.laopiniondezamora.es\/agroalimentacion\/2018\/01\/28\/diputacion-editara-catalogo-flora-interes\/1060226.html https:\/\/www.laopiniondezamora.es\/comarcas\/2018\/02\/15\/federacion-apicultores-facilitara-marca-garantia\/1064315.html https:\/\/www.noticiascyl.com\/zamora\/campo-zamora\/2018\/05\/24\/nace-la-federacion-de-apicultores-para-promocionar-la-miel-zamorana\/ https:\/\/www.laopiniondezamora.es\/comarcas\/2018\/11\/12\/experto-avispa-asiatica-aconseja-medidas\/1123419.html https:\/\/www.laopiniondezamora.es\/comarcas\/2018\/09\/26\/apicultores-exigen-junta-medidas-urgentes\/1112493.html https:\/\/www.laopiniondezamora.es\/comarcas\/2018\/06\/13\/federacion-denuncia-flagrante-violacion-ley\/1090345.html https:\/\/www.laopiniondezamora.es\/comarcas\/2018\/09\/28\/apicultores-piden-junta-erradique-nidos\/1112999.html https:\/\/zamoranews.com\/provincia-zamora\/item\/38351-fin-de-curso-de-iniciacion-a-la-empresa-apicola-en-las-salas-polivalentes-del-teatro-ramos-carrion https:\/\/www.laopiniondezamora.es\/comarcas\/2018\/03\/09\/apicultores-federan-lograr-marca-calidad\/1069300.html [\/vc_column_text][\/vc_column][vc_column width=\u00bb1\/3&#8243; css=\u00bb.vc_custom_1542061409229{margin-bottom: 50px !important;}\u00bb][\/vc_column][vc_column css=\u00bb.vc_custom_1542061915709{margin-bottom: 50px !important;}\u00bb][\/vc_column][vc_column width=\u00bb1\/3&#8243; css=\u00bb.vc_custom_1542061416301{margin-bottom: 50px !important;}\u00bb][\/vc_column][vc_column css=\u00bb.vc_custom_1542061926789{margin-bottom: 50px !important;}\u00bb][\/vc_column][\/vc_row]<\/p>\n","protected":false},"author":1,"featured_media":0,"parent":0,"menu_order":0,"comment_status":"closed","ping_status":"closed","template":"","meta":[],"_links":{"self":[{"href":"https:\/\/www.apisdurii.com\/index.php\/wp-json\/wp\/v2\/pages\/394"}],"collection":[{"href":"https:\/\/www.apisdurii.com\/index.php\/wp-json\/wp\/v2\/pages"}],"about":[{"href":"https:\/\/www.apisdurii.com\/index.php\/wp-json\/wp\/v2\/types\/page"}],"author":[{"embeddable":true,"href":"https:\/\/www.apisdurii.com\/index.php\/wp-json\/wp\/v2\/users\/1"}],"replies":[{"embeddable":true,"href":"https:\/\/www.apisdurii.com\/index.php\/wp-json\/wp\/v2\/comments?post=394"}],"version-history":[{"count":16,"href":"https:\/\/www.apisdurii.com\/index.php\/wp-json\/wp\/v2\/pages\/394\/revisions"}],"predecessor-version":[{"id":412,"href":"https:\/\/www.apisdurii.com\/index.php\/wp-json\/wp\/v2\/pages\/394\/revisions\/412"}],"wp:attachment":[{"href":"https:\/\/www.apisdurii.com\/index.php\/wp-json\/wp\/v2\/media?parent=394"}],"curies":[{"name":"wp","href":"https:\/\/api.w.org\/{rel}","templated":true}]}}